17. Let x be o(-13). Let h be (2 + -1)/(1/x). What is the greatest common factor of 17 and h?
17
Let p = -54 + 69. What is the highest common factor of p and 6?
3
Let g(s) = s + 7. Let b be g(-4). Suppose 0 = -0*a + b*a - 18. Let w be 48/30 - 6/10. What is the greatest common factor of a and w?
1
Suppose 0 = a - 128 + 33. What is the highest common factor of a and 19?
19
Let z be (-2)/(-3) + (-16)/(-12). Suppose 0 = -i - 4, z*i + 34 - 186 = -2*t. What is the highest common divisor of t and 10?
10
Let p(y) = -8*y. Let c be p(-1). Let a = 44 - c. Calculate the greatest common divisor of 12 and a.
12
Suppose 14*i = 10*i + 96. What is the highest common divisor of 216 and i?
24
Suppose 9 = 2*o - 29. Let f = -11 + o. Suppose -82 = 4*i - 434. What is the greatest common divisor of f and i?
8
Let c = 30 + -57. Let v be c/2*(-20)/6. Let t be (1 - 2) + 3 + 7. What is the highest common factor of t and v?
9
Suppose 0 = 2*c + 4*g - 56, 5*g = 2*c - 5*c + 82. Let o(n) = 2*n**2 - n + 3. Let p = -5 - -2. Let y be o(p). Calculate the highest common factor of c and y.
24
Let l = -64 + 106. Calculate the greatest common divisor of 105 and l.
21
Let s = 7 - 4. Suppose -s*j - 540 = -6*j. Let d = -38 - -58. What is the greatest common factor of d and j?
20
Let i = 220 + -85. What is the greatest common factor of i and 54?
27
Let q be ((-2)/(-6))/(3/27). Suppose -5*d + 0*l = -3*l - 1, -q*l - 10 = 4*d. Let j be ((6 - -1)*-1)/d. Calculate the greatest common divisor of j and 21.
7
Suppose -8 = -3*g + g. Suppose 5*i + 25 = 0, g*i + 32 = 3*j + 9. What is the greatest common divisor of j and 11?
1
Let y be (0 + 1)*-1 + 3. Suppose y*v - 172 = -16. What is the highest common factor of 13 and v?
13
Suppose -3*s = -4*s - 5*z + 60, 0 = 5*s + 3*z - 344. Let y be (65/(-25))/(1/(-5)). Let c = 23 - y. Calculate the highest common divisor of c and s.
10
Suppose 3*h - 15 = 15. Suppose -5*x = -8*x + 12. What is the highest common divisor of x and h?
2
Suppose j - 3*j + 240 = 0. Suppose -5*i + 55 + j = 0. What is the greatest common factor of 35 and i?
35
Let y(z) = -z - 5. Suppose 0 = -9*a + 4*a - 40. Let w be y(a). Suppose j + 3*s - 26 + 11 = 0, -j + 9 = -w*s. Calculate the greatest common divisor of 132 and j.
12
Suppose 2*b = 5*j + 29, 2*j = b - 0*j - 12. Suppose 12 = -b*w - 4*r, w + 2*r = -r - 11. Calculate the highest common factor of 16 and w.
4
Let u be (-14)/(-3 - (-26)/8). Let f = -27 - u. What is the greatest common factor of 319 and f?
29
Suppose 15 = 4*m - 9. Suppose m*y - 3*y = 12. Calculate the greatest common divisor of 32 and y.
4
Let g(l) = 2*l**2 + 3*l + 0 + 3 - 7 - l**2. Let k be g(3). Calculate the highest common factor of k and 56.
14
Let m be ((-8)/2)/((-1)/22). Let p be 42/5 - (-16)/(-40)*1. What is the greatest common factor of p and m?
8
Suppose 0 = 5*r + 11 - 1. Let q be -2 - (-3)/(3/r). Let j be (-35)/(-4) + q/(-16). Calculate the greatest common factor of 1 and j.
1
Let u = -4 - -4. Suppose -5*v = -5*z - 60, 4*z + u*v + 48 = -v. Let l = z - -28. Calculate the greatest common factor of l and 176.
16
Suppose 2 = 3*d - 5*b, 3*d + b = 22 - 8. Let x be (-1 + d)*(-56)/(-3). Calculate the highest common divisor of 7 and x.
7
Let o(p) = -143*p + 1. Suppose 4*g + 2 + 2 = 0. Let u be o(g). What is the highest common factor of 18 and u?
18
Let y = 16 - -16. Let w(l) = -2*l - 10. Let t be w(-9). Calculate the highest common factor of t and y.
8
Let a(j) = -12*j**2 - 4*j - 4. Let h(u) = u**2 + u + 1. Let w(x) = -a(x) - 4*h(x). Let d be w(-1). What is the highest common divisor of d and 64?
8
Suppose -2*a + a = -4. Let p be 1/a - 2241/(-12). Let r be (2 - 4)/((-2)/17). What is the greatest common factor of p and r?
17
Let k be (765/10)/(-9)*(-26 + 0). What is the highest common factor of 17 and k?
17
Let f(y) = -y**3 - 4*y**2 - y + 1. Let u be f(-4). Suppose -u = -p - 4. What is the greatest common divisor of p and 1?
1
Suppose -2*q = x + 1, -4*x = 3*q + x - 9. Let l be (-2)/(-3) + (-140)/(-6). Let t be ((-14)/8)/(q/l). Calculate the highest common divisor of 7 and t.
7
Let y = 6 + -2. Suppose -3*g - 2*a + 12 = -a, -y*g + 6 = -2*a. Suppose -2*x = p - 5*x - 16, g*p + 5*x = 76. Calculate the greatest common factor of p and 33.
11
Let g be 19/1 - (3 - 2). Let i = 57 + -39. What is the highest common factor of i and g?
18
Let z be 2/6 + 21/(-9). Let h be z + (-6)/(2 + -3). Suppose h*r = 50 + 90. What is the highest common divisor of 7 and r?
7
Let k = 86 + -63. Calculate the highest common factor of 92 and k.
23
Let d(i) = -i**3 - 3*i**2 + 3*i - 2. Let s be d(-4). Let k be ((-2)/(-1) - s) + 3. Suppose -k*u = 2 - 26. Calculate the highest common divisor of u and 8.
8
Let x be 1/2*(-4 - -6). What is the highest common divisor of x and 9?
1
Suppose 5*f - 68 = -4*n, 3*n = 2*f - 6*f + 54. Let o = -170 + 278. Calculate the highest common divisor of o and f.
12
Suppose 0 = -15*q + 18*q. Suppose 3*b - 5*b + 70 = q. Calculate the greatest common divisor of 5 and b.
5
Suppose 95 - 23 = 4*d. Calculate the greatest common factor of d and 12.
6
Let z(t) = t**2 - 16*t + 6. Let b be z(8). Let i be b/(-10) - 5/(-25). Calculate the highest common divisor of i and 4.
2
Let z(k) = -19*k. Let m(v) = 2*v + 5. Let a be m(-5). Let s be z(a). Calculate the greatest common divisor of 19 and s.
19
Suppose -4*a - 164 = -2*z, 3*z - 2*a - 249 = 3*a. Suppose 3*o - c - 19 = 0, 2*o + 7 = o + 3*c. What is the greatest common factor of z and o?
8
Let v(u) = -u - 3. Suppose 3*g = y + 18, -g - 10 = 3*y + g. Let j be v(y). Let p be 1 + j + (-2)/2. What is the highest common factor of 27 and p?
3
Suppose -2*r = -0*r + 206. Let f = r - -173. Calculate the greatest common factor of f and 10.
10
Let i be (-1 + 12)/(1/20). Let j = 48 - -340. Let f = j - i. What is the highest common divisor of 21 and f?
21
Let j be 73/1 + 1/(-1). Let p(z) = 11*z + 75. Let a be p(-6). Calculate the highest common divisor of j and a.
9
Let h(t) = 7*t**3 - 3*t**2 + 5*t + 3. Let x be h(4). Calculate the greatest common factor of x and 47.
47
Suppose 0 = 3*b + 159 + 159. Let i = b - -226. Suppose 8 = 4*k - i. What is the highest common divisor of k and 8?
8
Let h = 51 - 26. Calculate the greatest common divisor of h and 100.
25
Suppose 0 = 5*k, -4*a + 2*k + 41 + 11 = 0. Let v = -346 - -489. What is the highest common divisor of a and v?
13
Let a be ((-4)/5)/(2/15). Let p(j) = -16*j - 19. Let q be p(a). Calculate the highest common divisor of 11 and q.
11
Suppose -v - g = g, 3*v - g = 14. What is the highest common divisor of v and 4?
4
Let b = 11 + 3. Let u = b + -7. What is the highest common divisor of u and 1?
1
Suppose 5*w - 4 = 6. What is the greatest common divisor of w and 5?
1
Let b(h) = -h**2 - 16*h + 11. Let n be b(-16). Calculate the highest common divisor of n and 77.
11
Let z = -21 - -45. Suppose -4*h + 6 + 10 = 0. Suppose 2*b + a = 75, b + h*a - 41 - 7 = 0. What is the greatest common divisor of b and z?
12
Suppose -5*q + 28 = 2*u - 0*u, 4*u - 76 = -5*q. Calculate the greatest common factor of u and 60.
12
Let f(u) = -u**3 + 7*u**2 - 4*u - 4. Let y be f(6). Let n(l) = -6*l - 6. Let p be n(-5). Calculate the highest common factor of y and p.
8
Let i(g) = 4*g**2 - g. Let y be i(2). Let n be (1 - 2) + (-3 - (-30)/5). What is the highest common factor of y and n?
2
Let o be 148/52 - (-2)/13. Let u be ((-5)/o)/((-3)/(-63)). Let z be (-340)/u - (-2)/7. What is the highest common divisor of 25 and z?
5
Let j(y) = 2*y**2 - 5*y - 2. Let f be j(5). Suppose 4*l - h = f, 2*l - 8 = l - 2*h. Let o be (3/l)/(2/48). What is the greatest common divisor of 12 and o?
12
Let p be 58/10 + 1/(-6 - -11). Calculate the highest common factor of p and 2.
2
Suppose -s + 8 = -x - 0*s, 2*s = -3*x + 1. Let n(k) = -2*k**3 - 3*k**2 - k + 1. Let f be n(x). Calculate the greatest common divisor of f and 279.
31
Let o = -18 + 27. Suppose -4*j = -3*q + 3, 1 - 2 = -5*j - q. Let m be j + (-2 - 83*-1). What is the highest common factor of m and o?
9
Let f(n) = -3*n - 9. Let k be f(-6). Let c = k - 5. Calculate the highest common factor of c and 20.
4
Let w be (-10)/(-6) - 2/3. Let u = -4 - -7. Let a = u - 2. What is the greatest common factor of w and a?
1
Suppose 0 = -4*o + 153 - 897. Let q(b) = b**2 + 7*b - 10. Let d be q(-7). Let p be o/d - 4/(-10). C